git of o?
6
Let c be -3*2/(-6) - -21. Suppose 0 = k + 4, 2*s - 6*k = -2*k + c. Suppose s*h = 47 + 4. What is the units digit of h?
7
Let b(q) = 2*q**2 + 8*q - 12. Let d be b(-7). What is the units digit of (-49)/(-3)*d/10?
9
Suppose 5*b = 2*m - 31, -2*m - 5*b = -3*b + 4. Suppose -z + 100 = m*z. What is the tens digit of z?
2
Suppose 5*j + i + 0 = 26, 4*i = j - 1. Suppose 4*q - 90 = -5*m, -104 = -j*q - 0*m - 2*m. What is the tens digit of q?
2
Suppose 0 = -3*r - 5*y + 77, 2*y - 58 = -0*r - 2*r. What is the tens digit of r?
3
Let i = -19 + 8. Let f = 24 + i. What is the units digit of f?
3
Let p = -2 - -3. Let n(z) = -8*z**3 + z**2 + z - 1. Let h be n(p). Let r(x) = -x + 1. What is the units digit of r(h)?
8
Suppose 0 = -2*d - d + 12. Let v(y) be the first derivative of -y**4/4 + 4*y**3/3 + y**2/2 + y + 4. What is the units digit of v(d)?
5
Suppose 3 = 5*c - 2. Suppose f = 2*f + c. What is the units digit of 8 + f - (-3)/(-1)?
4
Suppose 0*o - 100 = -5*o. Suppose -2*b - 2*b = -16. Suppose 0 = -4*j + o, 4*m - 3*j = -b*j + 21. What is the units digit of m?
4
Let y be (-324)/(-30) - 2/(-10). Suppose -2*m + 57 = y. What is the units digit of m?
3
Suppose a - 72 = -3*a. What is the units digit of a?
8
Let y be (-6)/1 + 2 + 0. What is the units digit of (y/2)/(16/(-56))?
7
Suppose 5*s - c + 2*c - 90 = 0, -5*s + 90 = -5*c. Suppose 82 = 4*y + s. Suppose 59 = 5*p - y. What is the units digit of p?
5
Suppose 3*s - 165 = 5*o + 17, 0 = -2*o - 2*s - 60. Let y = o + 47. Let q = y - 8. What is the units digit of q?
5
Suppose -6*d + 2*d - 168 = 0. Let s = -28 - d. What is the units digit of s?
4
Let r(a) = 1 + 8*a + 0*a + 0*a. Suppose -2*k - 1 = -3. What is the units digit of r(k)?
9
Let x(c) = -32*c + 5. What is the units digit of x(-3)?
1
Let m be 9/6*30/9. Suppose p - 52 = -2*z + 5*p, 0 = -z - m*p + 26. What is the tens digit of z?
2
Let p = -62 - -131. What is the units digit of p?
9
Let g(k) be the third derivative of k**6/120 - k**5/20 - k**4/6 - k**3/2 + k**2. Let h be g(4). Let b = h - -4. What is the units digit of b?
1
Suppose 0 = 5*y - 36 + 1. Let q(u) = -u**3 + 8*u**2 - 8*u + 8. What is the units digit of q(y)?
1
Suppose 2*m + 0*m - 20 = 0. What is the tens digit of m?
1
Suppose -4*i = 3*j - 11, i + 6*j - 3*j = 5. Let y(c) = c**2 + c - 1. What is the units digit of y(i)?
5
Suppose -f - 6*j + 4*j = -6, 0 = -2*f + 2*j + 6. What is the units digit of f?
4
Let w(g) = 50*g - 2. What is the units digit of w(3)?
8
Suppose 234 = 2*h + w, -w + 353 = 3*h + w. What is the tens digit of h?
1
Let j(b) be the first derivative of -b**3/3 - 5*b**2/2 + b - 1. What is the units digit of j(-3)?
7
Let n(z) be the first derivative of -z**4/4 - z**3/3 - 6*z + 1. Let b be n(0). Let h(w) = -w**2 - 9*w - 9. What is the units digit of h(b)?
9
Let j = 3 - 1. Suppose -3*z = 9, -4*l + 4*z - j*z + 18 = 0. Suppose -h = -l*h + 46. What is the units digit of h?
3
What is the units digit of -3*(-25)/3 - 1?
4
Let g be (-10)/(-15) + (-2)/(-6). Let v(q) = 54*q**2 - q. What is the units digit of v(g)?
3
Suppose 2*g = -3*g + 325. What is the units digit of g?
5
Let t = 51 - 2. What is the tens digit of t?
4
Let z be ((-3)/6)/((-2)/84). Let t = z + -11. What is the units digit of t?
0
Suppose 3*y = y + 6. Suppose x - 50 = -p - p, y*x = 3*p + 132. What is the tens digit of x?
4
Suppose q - 4*a = 27, -4*q + 0*a + 2*a + 150 = 0. Suppose v + 2*v - q = 0. Let b = v + -4. What is the units digit of b?
9
Let n(v) be the third derivative of 2*v**2 + 0*v - 1/24*v**4 + 0 - 1/6*v**3. What is the units digit of n(-2)?
1
Let c(z) = -z**2 - 8*z - 3. Suppose 2*q + 8 = 3*q - 3*p, -16 = 2*q + 2*p. Let w be c(q). Suppose -w + 3 = -t. What is the tens digit of t?
1
Suppose 3*o + 2*o - 50 = 0. Let q = o + 0. What is the tens digit of q?
1
Suppose 1 = 4*i - 171. What is the units digit of i?
3
Let i be 7*(-8 + 2) + -1. Let o(h) = h**3 + 3*h**2 + 4. Let r be o(-3). What is the tens digit of i/(-4) + 1/r?
1
Suppose 3*l - 46 = 140. What is the tens digit of l?
6
Let d(k) = 75*k**2 + k - 1. What is the tens digit of d(-1)?
7
Suppose -2 + 0 = x. What is the units digit of 2 + (-6)/x + 43?
8
Suppose -4*j = -5*j + 2. Suppose 2*q - 7*q = 4*s - 136, 0 = -3*s + j*q + 125. What is the units digit of s?
9
Suppose -2*q = -6*q + 8. Suppose -q*o = -7*o + 110. What is the tens digit of o?
2
Suppose -146 = -3*j + 19. What is the units digit of j?
5
Suppose 29 = 3*o + 8. Suppose -3*k = -o*k + 8. Suppose -10 = -k*m + 4. What is the units digit of m?
7
Suppose -4*j - 2*t = -86, t - 30 - 76 = -5*j. Suppose -5*m + 281 = j. What is the units digit of m?
2
Let t = -26 - -61. What is the tens digit of t?
3
Let z = 218 + -155. What is the units digit of 1*(3 + z)/3?
2
Let g(c) = 7*c**2 - c - 4. What is the units digit of g(-3)?
2
Suppose 0*b + b - 4*z = 77, -56 = -b - 3*z. What is the units digit of b?
5
Suppose -h - 2*h = -2*w + 11, 4*h + 24 = 5*w. Suppose a - 13 = -3. What is the units digit of (15/a)/(2/w)?
3
Suppose -2*k - 4*r + 174 = -7*r, -182 = -2*k + 5*r. What is the units digit of k?
1
Suppose 1 - 8 = q. Let v = q + 25. What is the tens digit of v?
1
Let u(k) = -1 - 4*k - 4 + 5*k. What is the units digit of u(7)?
2
Let f = 127 + -73. What is the units digit of f?
4
Suppose -3*n + 0*n + 36 = 0. What is the tens digit of n?
1
Let b = 8 - -22. Suppose -b = -2*k - k. Let s(w) = -w**3 + 10*w**2 + 12. What is the tens digit of s(k)?
1
Let h(k) = k**3 + 6*k**2 - 2*k + 6. Let s be h(-6). Suppose 5*p + s = -3*v, 3 - 11 = 5*v + p. Let l = 1 - v. What is the units digit of l?
2
Suppose 2*p + 3*p = 50. What is the units digit of (15/p)/((-9)/(-132))?
2
Let z = 2 - -1. What is the units digit of (-1)/(2*z/(-12))?
2
Let c = 6 - 2. Suppose -c*x = -7 - 21. What is the units digit of x?
7
Let l be ((2 - -1) + -1)*2. What is the tens digit of 1/l - (-222)/8?
2
Let r = 2 - 2. Suppose 0 = -4*a - r*a + 32. Suppose a = 7*u - 3*u. What is the units digit of u?
2
Let s = -1 + 2. Let y = 6 - s. What is the units digit of y?
5
Let q = 147 + -87. What is the tens digit of q?
6
Suppose r + 0*r = 42. Let y = r + -24. What is the tens digit of y?
1
Let o = 23 + 1. What is the units digit of o?
4
Let y = -138 + 202. What is the units digit of y?
4
Let d be 5/3 + 9/27. Suppose -d*r + 112 = 3*r - z, 2*r = 4*z + 34. What is the tens digit of r?
2
Suppose -4*z + 5*d = -0*d + 29, d = -5*z. Let i(p) = -2*p**2 - 5*p + 1. Let l(o) = -o**2 - o + 1. Let j(t) = z*i(t) + 3*l(t). What is the units digit of j(2)?
2
Suppose 3*g + 15 = p, 2*p = -4*g + 3*g + 2. What is the units digit of (-1 - -2)/(1/p)?
3
Let l(w) = 0*w**2 - 8*w - w**2 + 0 - 2. What is the tens digit of l(-6)?
1
Suppose 212 = 2*j + 30. What is the tens digit of j?
9
Suppose 0 = 6*t - 4*t - 8. Suppose 55 = t*a - 77. What is the units digit of a?
3
Let o(t) = -t**3 + 3*t**2 + 4*t - 4. Let m be o(3). Let i = 2 + m. What is the tens digit of i?
1
Let b(f) = 2*f**2 - 2*f - 7. Let s = 19 - 15. What is the units digit of b(s)?
7
Suppose -4*g - 110 = 70. Let t = 71 + g. What is the units digit of t?
6
Let c(x) = 71*x**2 - 5*x + 3. What is the tens digit of c(2)?
7
Suppose 0*v - 8 = 4*v. What is the tens digit of (12/(-16))/(v/56)?
2
Let d(z) = -z**2 + 2*z + 5*z**2 + 7*z**2 + 1. What is the tens digit of d(-1)?
1
Let l(w) = w**2 + 2*w - 1. Let k be l(-3). What is the units digit of k/(3 - 33/12)?
8
Suppose -5*v + 22 = 5*q - 53, -5*v + 125 = -5*q. What is the units digit of v?
0
Let t be 1/(2 + (-17)/8). Let n(p) = -p**3 - p**2 + p - 1. Let m(k) = -6*k**3 - 13*k**2 + 5*k - 12. Let g(s) = -m(s) + 5*n(s). What is the units digit of g(t)?
7
Let c(n) = n - 3. Let w be c(8). Let q(l) = l**2 - l - 6. What is the units digit of q(w)?
4
What is the tens digit of (-1)/(-2) - (-2 + (-478)/4)?
2
Suppose 0*r = -r + 5. Suppose -r*x + 246 = 86. Suppose -5*g + g = -x. What is the units digit of g?
8
Let g be 0/(0/1 - 1). Suppose -255 + 34 = -4*a + 5*v, g = 3*a + 3*v - 132. What is the tens digit of a?
4
Suppose 18 = -6*x + 9*x. What is the units digit of x?
6
Suppose -4*f - 4*s - s + 1 = 0, 5*s - 3 = -2*f. Let w(y) = 2*y**2 - 3*y + 1. Let g be w(2). What is the units digit of (f - 7/(-3))*g?
4
Let g = -14 + 4. What is the units digit of 2/g - 122/(-10)?
2
Let i be 21/(-2)*12/9. Let g(t) = -3*t - 13. What is the units digit of